t is the remainder when (-2)/((-2)/a)*-7 is divided by 31?
29
Calculate the remainder when (473/(-55) + -5)/((-1)/5) is divided by (9/2)/((-1)/(-2)).
5
Suppose 2*z = 5*q - 936, -9*q + 388 = -7*q + 6*z. What is the remainder when q is divided by 38?
36
Suppose 5*x + 25 = 0, b - 256 = -5*x - 158. Calculate the remainder when 857 is divided by b.
119
Suppose -2*a - 2*m = -m + 168, -5*m = -20. Let z = -59 - a. Suppose 2*j - 17*p - 45 = -12*p, 2*j - 10 = -2*p. Calculate the remainder when z is divided by j.
7
Suppose 121*w + 112*w + 5243 - 29708 = 0. What is the remainder when 127 is divided by w?
22
Suppose -3*o - 9 - 182 = -4*i, -4*i = 5*o - 183. Let s = i - 31. Suppose 2*v - 28 = -r, -r + 2*v + s = -2*v. What is the remainder when 95 is divided by r?
23
Suppose 0 = -3*j + 5*c + 374, 114*c = -j + 112*c + 110. What is the remainder when 1170 is divided by j?
108
Let k(x) be the third derivative of -x**5/60 - 7*x**4/24 + 7*x**3/6 - 31*x**2. Let q be k(-7). Let s = q - -2. What is the remainder when 107 is divided by s?
8
Let b = 645 + -618. Suppose -j + 2*y + 30 = 0, y - 30 = -b. What is the remainder when 140 is divided by j?
32
Let d = -16424 - -17057. What is the remainder when d is divided by 154?
17
Let v(w) = -12*w**3 + 6*w**2 + 5*w - 15. Calculate the remainder when v(-2) is divided by 21.
11
Let a(l) = 3*l**2 + 8*l + 10. Let u be a(-18). Let i = u - 817. Calculate the remainder when 46 is divided by i.
4
Let w(z) = -z**3 - 48*z**2 + 77*z - 163. What is the remainder when w(-50) is divided by 45?
42
Let u = 11435 + -9008. Calculate the remainder when u is divided by 1211.
5
Let w(b) = -2*b + 6. Let s(j) = 6*j**2 - 7*j - 13. Calculate the remainder when s(-5) is divided by w(-20).
34
Let l be (-136)/34 + (-71)/(-1). Suppose -u - 3*u - 2*z + 74 = 0, -l = -2*u + 5*z. Suppose -5 = 4*x - u. What is the remainder when 18 is divided by x?
2
Let k(s) = 11*s + 26*s**2 + 36*s**2 - 6 - 12*s. Calculate the remainder when k(-2) is divided by 62.
58
Let l = -62 - -188. Calculate the remainder when l is divided by 123/(-82)*(-282)/9.
32
Let b(v) = 5*v**2 + 159*v + 300. Calculate the remainder when 77 is divided by b(-30).
17
Let l(n) = 27*n**3 - 32*n**2 - 9*n + 56. Let a(d) = 5*d**3 - 6*d**2 - 2*d + 11. Let t(r) = 11*a(r) - 2*l(r). What is the remainder when 19 is divided by t(3)?
1
Let m be (2*163)/(15 + -17). Let t = -139 - m. Suppose 0 = -4*c + 28 + 36. Calculate the remainder when t is divided by c.
8
Suppose -v + 25 = 4*y, 77*v - 81*v = y - 100. Calculate the remainder when 573 is divided by v.
23
Let a(d) = 2*d**3 + 37*d**2 - 17*d + 42. Let n be a(-19). Suppose 21*b - 17*b = -n*w + 32, -2 = -w + b. What is the remainder when 103 is divided by w?
3
What is the remainder when 171 is divided by (-175)/(-7) + -29 + (0 - -42)?
19
Let r be (-6)/(-21) - (-13)/(91/740). Let k = r - -69. Calculate the remainder when k is divided by 44.
43
Let x be 4/((-2)/(-2)) + (-121 - -125). Suppose -x*f + 300 = 188. What is the remainder when 55 is divided by f?
13
Let v(n) = -112*n**3 - 6*n**2 - 12*n + 7. Calculate the remainder when 904 is divided by v(-2).
1
Suppose -560 = -3*i - 2*i. Let p be (108/(-60))/((-6)/50). Calculate the remainder when i is divided by 555/25 - (-4)/p*3.
20
Suppose -12*c + 11*c + 4*j = -30, 4*c - 4*j = 108. What is the remainder when 985 is divided by c?
23
Suppose 14*o + 278 - 6928 = 0. Let w = o - 468. Calculate the remainder when 25 is divided by w.
4
What is the remainder when 983 is divided by 294/(-42)*(-6 + 12/21)?
33
Suppose y = -6*y - 42. Let w be 1 + y + (8 - -11). Suppose 3*h - w - 19 = 0. What is the remainder when 30 is divided by h?
8
Let n be (7 - (1 + 2))*7/14. Suppose 4*x = -n*q + 244, 0 = -3*x + 5*q - 2*q + 165. What is the remainder when x is divided by 12?
11
Suppose 7*l - 360 = 3*l. Suppose -3*j + r + 54 = 0, -4*j - j + l = 5*r. Calculate the remainder when j is divided by -16*(15/5 + -4).
2
Let c = 981 - -6755. What is the remainder when c is divided by 36?
32
Suppose -343*y + 18 = -342*y. Let w = y + 19. What is the remainder when 140 is divided by w?
29
Let q be 6 + -3*(-7)/(-21). Suppose -27*a = -32*a + 4*g + 125, a = -q*g - 4. Suppose 98 = 4*f - 234. Calculate the remainder when f is divided by a.
20
Let x be -2 - 18/8*(-32)/(-12). What is the remainder when 129 is divided by 5*(4/x)/((-3)/12)?
9
Let f(z) = -18*z + 1422. Calculate the remainder when 378 is divided by f(62).
72
What is the remainder when (-476)/68 + 43*4 is divided by 122?
43
Let n(j) = -45*j - 56. What is the remainder when 401 is divided by n(-4)?
29
Suppose 299*b = 302*b + 291. Let o = 117 + b. Calculate the remainder when 35 is divided by o.
15
Let l(z) = -4*z**3 + z**2 - 9*z - 34. Let p(m) = -m**3 + 10*m**2 - m + 7. Let o be p(10). What is the remainder when l(o) is divided by 5?
0
Suppose 3*k = -4*h + 328, 4*k + 4594 - 4550 = h. What is the remainder when h is divided by 5?
1
Suppose -1305 = -39*p + 36*p. Let x = p + -251. What is the remainder when x is divided by 17?
14
Suppose 9*r = 5*r + m + 49, -4*r + 4*m = -40. Suppose -64 - 105 = -r*a. What is the remainder when 336 is divided by a?
11
Let c be (72/(-15) + 2)*-285. Let w = -520 + c. What is the remainder when (-2)/(-13 + 3) + w/10 is divided by 8?
4
Let a = 188 + -484. Let s = 299 + a. What is the remainder when 5 is divided by s?
2
Let j be 465/5 - (0 - 1). Suppose -4*t + j = 5*y, -2*y + 0*y - 3*t = -39. Suppose 27*x - 1056 = 11*x. What is the remainder when x is divided by y?
12
Let h = -13913 - -14069. What is the remainder when 2335 is divided by h?
151
Let y(r) = 56*r - 104. Let m be y(5). Suppose 5*c - 25 = -0*c. Suppose -s - 4*a - 34 = -125, -c*a + m = 2*s. Calculate the remainder when s is divided by 14.
13
Let o = 659 + -1100. What is the remainder when 115 is divided by (o/98)/(1/(-2))?
7
Let u(r) = -37*r + 763. Calculate the remainder when u(5) is divided by 127.
70
Let c be (65/10*-4)/((-2)/36). Suppose 722 = 10*w - c. Calculate the remainder when w is divided by 12.
11
Suppose 0*v - 3*v + 342 = 0. Let s(h) = -h**3 + 5*h**2 - 8797*h + 26378. What is the remainder when v is divided by s(3)?
4
Let s(p) = -4*p**3 - 26*p**2 - 29*p + 10. Calculate the remainder when s(-6) is divided by 19.
17
Let z(a) = a**2 + 13*a + 67. Let l(q) = -6*q - 67. Let o be l(-10). Calculate the remainder when 674 is divided by z(o).
24
Suppose -29*c - 17169 = -12*c - 76*c. What is the remainder when c is divided by 111?
69
Suppose -5*r + 2*i + 8 = 6*i, -2 = -4*r - i. Suppose 9*q - 5*q - 20 = r. Suppose q*y - 76 - 59 = 0. What is the remainder when y is divided by 7?
6
Suppose 79*m - 76*m = -450. Let o = m - -196. Calculate the remainder when o is divided by 14.
4
Let w = -969 + 988. What is the remainder when 130 is divided by w?
16
Suppose -42 = -2*z - 3*l, 2*l + 14 + 28 = 2*z. Suppose 0 = -4*y + 4*k + 32, 2*k + 0 = -4. Calculate the remainder when z is divided by y.
3
Let t = 513 - 436. Calculate the remainder when 224 is divided by t.
70
Suppose r + m = 10, 2*m - 14 = -2*r + 3*r. Let z(n) = 44*n**2 + 1. Let l be z(1). What is the remainder when 260/l - (-4)/18 is divided by r?
0
What is the remainder when (9678/(-1))/(-6) + -36 + 36 is divided by 795?
23
Let z be (-41)/(-6) - (5 + (-50)/12). Let m(g) = g**3 - 10*g**2 + 6*g + 2. Let s be m(9). What is the remainder when 332/5 - ((-160)/s - z) is divided by 14?
10
Let h(w) = w**2 - w + 4. Let z be h(2). Calculate the remainder when 168 is divided by 40 - (-5)/2*z/5.
39
Suppose 280*o - 2724 = 276*o. Suppose 692 - o = d. Calculate the remainder when 130 is divided by d.
9
Let a(r) = 50*r - 219. Calculate the remainder when 672 is divided by a(8).
129
Let a(q) = -q**3 + 8*q**2 + 12*q + 6. Let h = 521 + -367. Suppose 29*d - 7*d = h. What is the remainder when a(9) is divided by d?
5
Let b(f) = -35*f**2 - 8 + 10*f**2 + 24*f**2 + 8*f. What is the remainder when b(5) is divided by 5?
2
What is the remainder when 77 is divided by 12/(-5)*-2*(-10)/(-3)?
13
Let f = 101 - 99. Suppose f*y - 340 = -3*x, -225 = -2*x + 4*y - 5*y. Let d = -57 + 71. What is the remainder when x is divided by d?
12
Let i be ((-40)/12)/(6/9)*1. Let l be 77/1 - (i + (-6)/(-2)). Let x = -65 + l. What is the remainder when 97 is divided by x?
13
Calculate the remainder when 332 is divide